 + 25*u**2 - 26*u + 58. What is g(24)?
10
Let q(y) = -59*y + 26. Determine q(1).
-33
Let y(b) = -56*b - 389. Calculate y(-7).
3
Let w(u) = -46*u - 2473. Give w(-54).
11
Let x(a) = -a**2 + 49*a - 275. Calculate x(37).
169
Let n(x) = -4*x**2 + x - 18. What is n(4)?
-78
Let g(s) = -s**3 - 246*s**2 - 971*s - 727. Calculate g(-242).
-1
Let h(w) = 666*w - 5324. Calculate h(8).
4
Let m(o) = -4*o - 129. Determine m(-23).
-37
Let r(f) = 6*f**2 + 608*f + 1376. What is r(-99)?
-10
Let v(r) = -65*r - 134. Calculate v(-2).
-4
Let t(x) = 3*x**3 - 187*x**2 + 31*x + 1920. Determine t(62).
-2
Let y(x) = 177*x - 28150. Give y(159).
-7
Let y(q) = q**2 - 6*q - 150. What is y(-8)?
-38
Let l(s) = 3*s**2 + 243*s - 1273. Give l(-86).
17
Let j(y) = -y**3 + 49*y**2 + 35*y + 86. Give j(50).
-664
Let k(p) = -p**3 - p**2 - 5*p - 8. What is k(-3)?
25
Let x(h) = -6*h**2 - 160*h - 118. What is x(-26)?
-14
Let z(p) = -236*p - 1670. Determine z(-7).
-18
Let p(m) = 29*m**2 - 20*m + 26. Calculate p(1).
35
Let p(r) = 3*r**2 + 208*r - 227. What is p(-71)?
128
Let g(p) = -2640*p + 23821. Calculate g(9).
61
Let l(u) = -2845*u - 2848. What is l(-1)?
-3
Let r(v) = -81*v - 852. What is r(-11)?
39
Let a(z) = -z**2 + 10*z + 440. Give a(0).
440
Let m(i) = 145*i + 132. Give m(-3).
-303
Let p(b) = 4*b**2 + 274*b - 134. Give p(-69).
4
Let i(z) = -133*z - 12057. Give i(-91).
46
Let k(s) = 3*s**3 - 855*s + 856. What is k(1)?
4
Let b(h) = 284*h + 39781. Determine b(-140).
21
Let o(g) = 777*g + 7785. Determine o(-10).
15
Let l(t) = 3*t**2 + 18*t - 13. Calculate l(-8).
35
Let y(t) = 80*t - 82. Calculate y(4).
238
Let a(o) = 1537*o - 4621. Calculate a(3).
-10
Let y(f) = 343*f + 13. What is y(1)?
356
Let w(n) = -n**3 - 69*n**2 - 198*n + 20. Determine w(-3).
20
Let r(c) = -102*c**2 - 305*c - 5. Give r(-3).
-8
Let a(k) = 98*k + 1036. What is a(-9)?
154
Let v(g) = -g**3 + 14*g**2 - 8*g + 10. Calculate v(7).
297
Let y(m) = 4131*m - 24778. Give y(6).
8
Let x(s) = 9*s**3 - 2*s**2 + 75*s - 261. What is x(4)?
583
Let u(q) = 12*q - 112. What is u(10)?
8
Let v(d) = -d**3 + 29*d**2 + 12*d + 41. What is v(29)?
389
Let c(w) = -672*w + 6724. Give c(10).
4
Let f(r) = -359*r + 1375. Determine f(4).
-61
Let k(u) = -2*u**2 - 101*u - 607. Calculate k(-7).
2
Let l(r) = -28*r**2 - 76*r - 18. Give l(-3).
-42
Let b(u) = 2*u**3 - 65*u**2 - 36*u + 111. Calculate b(33).
12
Let b(q) = -53*q**3 + 3*q**2 - 21*q - 23. Determine b(-1).
54
Let x(o) = 59*o + 911. Give x(-18).
-151
Let z(s) = 253*s + 10864. Calculate z(-43).
-15
Let h(f) = -f**2 - 31*f + 228. Give h(8).
-84
Let x(o) = -5*o + 35. Determine x(3).
20
Let k(h) = -4*h - 122. Calculate k(-31).
2
Let k(b) = -7*b + 50. Give k(13).
-41
Let t(m) = m**3 + 22*m**2 - 103*m + 28. Calculate t(-26).
2
Let f(k) = -356*k - 702. Determine f(-2).
10
Let f(r) = -2*r**3 + 25*r**2 + r + 56. Give f(8).
640
Let t(m) = 13*m**2 - 21*m + 5. What is t(-4)?
297
Let m(d) = -d**3 + 12*d**2 + 6*d + 36. Determine m(9).
333
Let w(x) = -18*x + 153. What is w(-29)?
675
Let y(f) = -19*f - 338. What is y(0)?
-338
Let q(y) = -130*y**3 + 3*y + 2. What is q(-1)?
129
Let u(d) = 4*d**2 + 186*d - 560. Give u(3).
34
Let p(l) = -2*l**2 - 106*l + 1566. Calculate p(-65).
6
Let h(f) = -145*f - 1001. Calculate h(-7).
14
Let h(m) = m**3 - 11*m**2 + 11*m - 2. Give h(1).
-1
Let x(m) = -2*m**3 + 7*m**2 + 22*m - 41. Determine x(5).
-6
Let l(o) = 36*o + 308. Give l(-10).
-52
Let o(q) = -20*q - 205. Give o(-6).
-85
Let x(g) = g**3 + 4*g**2 + 6*g + 10. Give x(-4).
-14
Let d(j) = -2551*j + 5081. Calculate d(2).
-21
Let q(n) = -n**3 + 18*n**2 + 19*n + 366. Calculate q(20).
-54
Let m(f) = -f**3 + 21*f**2 + 22*f - 45. Determine m(22).
-45
Let j(q) = -54*q - 4781. Give j(-88).
-29
Let g(x) = 39*x + 2804. What is g(-72)?
-4
Let h(g) = 13*g + 439. Give h(-37).
-42
Let n(p) = 10*p**2 + 78*p + 7. Determine n(-2).
-109
Let w(f) = -f**3 + 11*f**2 + 45*f - 25. Give w(14).
17
Let b(f) = 12*f**2 + 625*f + 1239. Determine b(-50).
-11
Let l(i) = 64*i + 118. Determine l(-2).
-10
Let i(h) = -77*h + 2841. Calculate i(37).
-8
Let n(x) = -3*x**3 - 414*x**2 + 17*x + 2352. Calculate n(-138).
6
Let c(d) = -59*d - 5198. What is c(-88)?
-6
Let y(f) = f**3 + 37*f**2 - 161*f + 114. Calculate y(-41).
-9
Let m(b) = -b**3 - 42*b**2 + 55*b + 148. Calculate m(-43).
-368
Let y(j) = j**3 - 38*j**2 + 354*j + 33. What is y(22)?
77
Let t(y) = y**3 + 13*y**2 + 4*y + 43. Determine t(-13).
-9
Let h(j) = -12*j**2 - 69*j + 5. Calculate h(-6).
-13
Let o(u) = -240*u - 1440. Determine o(-6).
0
Let b(o) = -259*o + 13678. Determine b(53).
-49
Let j(v) = v**2 + 53*v - 106. Give j(-56).
62
Let i(y) = -15*y - 830. Give i(-57).
25
Let w(t) = 539*t - 4303. Give w(8).
9
Let p(k) = k**3 + 14*k**2 + 45*k + 1. Calculate p(-3).
-35
Let v(m) = -4*m**2 - 703*m - 520. Calculate v(-175).
5
Let o(t) = 2*t**3 - 110*t**2 - 114*t + 120. What is o(56)?
8
Let l(h) = 2*h**2 + 649*h + 648. Give l(-1).
1
Let j(i) = -i**2 - 18*i + 109. Calculate j(-19).
90
Let f(p) = -50*p**2 - 598*p - 523. Determine f(-11).
5
Let c(d) = -5*d**2 + 233*d + 97. Give c(47).
3
Let z(o) = 73*o - 4081. Calculate z(57).
80
Let v(o) = -4*o**2 - 9*o. Calculate v(4).
-100
Let k(v) = v**3 - 73*v**2 + 402*v - 3. Give k(67).
-3
Let s(o) = 4*o + 96. Give s(1).
100
Let i(f) = -f**3 - 52*f**2 + 5*f + 39. What is i(-52)?
-221
Let r(a) = 4*a**3 + 98*a**2 - 51*a + 89. Calculate r(-25).
114
Let v(i) = 629*i - 7500. Determine v(12).
48
Let m(n) = -n**2 - n - 110. Give m(5).
-140
Let j(p) = -137*p + 2667. What is j(20)?
-73
Let q(z) = 3*z**2 - 12*z - 38. Give q(-4).
58
Let k(m) = -28*m - 555. Calculate k(-11).
-247
Let m(p) = -60*p - 249. Determine m(-7).
171
Let i(z) = -5*z**2 - 3*z + 26. Give i(-4).
-42
Let f(p) = -115*p + 6102. Give f(53).
7
Let y(h) = -3*h**2 - 54*h + 510. Determine y(7).
-15
Let j(r) = -437*r - 891. Calculate j(-2).
-17
Let k(u) = 2*u**2 - 304*u - 4602. Give k(-14).
46
Let h(o) = 19*o + 443. Give h(-24).
-13
Let g(i) = 1094*i + 38282. Determine g(-35).
-8
Let h(w) = -3*w**2 + 126*w + 1. What is h(47)?
-704
Let f(q) = -3*q**2 + 248*q - 4990. Calculate f(48).
2
Let l(w) = -w**2 + 10*w + 86. Determine l(0).
86
Let y(z) = z**3 - 69*z**2 - 161*z + 1293. Calculate y(71).
-56
Let s(f) = -5*f**3 + 9*f**2 + 16*f + 6. Determine s(3).
0
Let p(a) = -86*a + 5851. Determine p(68).
3
Let o(s) = s**3 - 108*s - 40. Calculate o(11).
103
Let i(n) = -n**3 + 26*n**2 - 6*n + 199. Give i(26).
43
Let c(z) = -z**2 + 30*z + 100. Determine c(-17).
-699
Let u(c) = -4*c**2 + 129*c + 32. Calculate u(33).
-67
Let l(z) = 12*z**3 - 10*z**2 + 2*z + 7. Calculate l(4).
623
Let p(a) = -2*a**3 + 9*a**2 + 130*a - 672. Calculate p(7).
-7
Let j(d) = 14*d + 30. Determine j(4).
86
Let l(g) = -g**3 + 11*g**2 + 24*g + 30. Give l(13).
4
Let x(z) = z - 309. Determine x(-10).
-319
Let q(g) = -g**2 + 65*g - 341. Give q(56).
163
Let s(z) = -z**2 - 24*z + 124. Give s(10).
-216
Let n(d) = 41*d - 75. What is n(10)?
335
Let n(p) = -p**3 + 2*p**2 - 192*p + 1034. Calculate n(5).
-1
Let i(v) = 2696*v + 18860. Calculate i(-7).
-12
Let i(r) = -57*r - 17. Determine i(3).
-188
Let a(q) = q**2 - 2*q - 9. What is a(0)?
-9
Let n(d) = 4353*d + 130596. Give n(-30).
6
Let r(o) = o**3 - 29*o**2 + o + 58. Determine r(28).
-698
Let u(r) = 324*r + 6467. Give u(-20).
-13
Let v(f) = 14*f**3 - 42*f**2 - 84*f - 3. Give v(-2).
-115
Let f(y) = 308*y + 569. What is f(-2)?
-47
Let j(n) = 1437*n + 10066. Give j(-7).
7
Let u(y) = 729*y - 5338. Determine u(8).
494
Let a(y) = -192*y + 910. Give a(4).
142
Let h(l) = 16*l - 53. Calculate h(-12).
-245
Let v(q) = q**3 + 7*q**2 + 38*q - 8. Determine v(-8).
-376
Let n(t) = t**3 + 35*t**2 - 247*t + 1. What is n(-41)?
42
Let v(z) = -44*z + 157. Determine v(-4).
333
Let f(l) = -8276*l - 57941. Determine f(-7).
-9
Let o(m) = -m**2 + 5181*m + 51913. Calculate o(-10).
3
Let v(b) = -b**3 - 47*b**2 + 91*b - 39. Calculate v(-49).
304
Let c(y) = -106*y - 745. Give c(-7).
-3
Let x(m) = m**3 - 13*m**2 - 28*m + 137. Determine x(15).
167
Let l(a) = a**2 + 292*a + 14255. Calculate l(-62).
-5
Let s(d) = -293*d - 9655. Determine s(-33).
14
Let f(j) = 7*j**3 + 21*j**2 - 11*j - 33. Calculate f(-3).
0
Let z(m) = m**3 + 23*m**2 - 41*m - 413. Calculate z(-24).
-5
Let c(a) = -a**2 - a + 24. What is c(6)?
-18
Let t(j) = -j**2 + 141*j - 4505. What is t(49)?
3
Let m(v